-20
Let i(g) = -11*g**3 - 978*g**2 + 1087*g - 185. Calculate i(-90).
-815
Let t(a) = 16878*a - 50152. Calculate t(3).
482
Let h(t) = -12*t**2 - 13*t + 1397. Calculate h(-10).
327
Let y(u) = 4925*u - 9891. Calculate y(2).
-41
Let m(y) = 3*y**2 + 418*y - 169144. Give m(-317).
-183
Let s(c) = 7*c**2 + 1032*c - 2090. What is s(2)?
2
Let c(f) = -2*f**2 + 340*f + 2077. Calculate c(173).
1039
Let f(w) = 2*w**3 + 517*w**2 - 2372*w - 1250. Give f(-263).
65
Let k(h) = -1479*h - 20729. Determine k(-14).
-23
Let b(h) = 3*h**2 + 2024*h + 15999. Give b(-8).
-1
Let x(j) = -1344*j - 12093. What is x(-9)?
3
Let m(c) = c**2 - 80*c - 1091. Calculate m(87).
-482
Let h(b) = -b**2 + 103*b + 11628. What is h(-68)?
0
Let b(z) = -71*z**2 + 2474*z - 14876. Calculate b(6).
-2588
Let d(u) = u**3 - 2387*u**2 - 21751*u - 1683. Determine d(-9).
0
Let q(h) = -9926*h**2 + 387081*h + 1283. Determine q(39).
-4
Let l(v) = -6282*v + 62714. Give l(10).
-106
Let n(z) = z**3 - 39*z**2 - 496*z - 1365. Give n(-6).
-9
Let c(u) = -u**2 - 425*u + 2587. Give c(6).
1
Let z(w) = 15*w**2 + 2650*w - 93007. Give z(30).
-7
Let o(y) = 41982*y + 2267023. Calculate o(-54).
-5
Let t(d) = 718*d - 10525. Give t(15).
245
Let p(l) = l**2 + 11*l - 468. What is p(31)?
834
Let o(a) = 6521*a - 41450. Give o(6).
-2324
Let g(k) = 76*k - 6310. Determine g(73).
-762
Let p(a) = -75*a - 6609. What is p(-84)?
-309
Let h(s) = 15876*s + 32382. Calculate h(-2).
630
Let p(z) = -3*z**2 - 44*z + 56. What is p(17)?
-1559
Let p(s) = 2*s**3 + 20*s**2 - 4*s + 3467. What is p(0)?
3467
Let g(q) = -q**2 + 171*q - 6743. What is g(61)?
-33
Let v(j) = j**2 - 182*j - 2831. Calculate v(-16).
337
Let s(c) = -182*c**2 + 12349*c - 37039. Give s(3).
-1630
Let q(s) = -3*s**3 + 180*s**2 - 7*s + 915. Calculate q(60).
495
Let q(d) = 1153*d + 82842. What is q(-72)?
-174
Let x(n) = -34*n**2 + 3893*n + 9936. What is x(117)?
-9
Let v(l) = 234*l + 19998. Determine v(-95).
-2232
Let k(p) = p**3 + 11*p**2 + p - 322. What is k(0)?
-322
Let b(v) = -17923*v + 179220. Determine b(10).
-10
Let v(o) = o**3 - 63*o**2 + 703*o - 127. Determine v(49).
706
Let i(r) = r**2 - 28980*r + 86927. Give i(3).
-4
Let w(l) = -1333*l + 75844. Calculate w(57).
-137
Let y(n) = -108*n**2 + 156*n - 9. Determine y(1).
39
Let o(v) = 20*v**3 + 115*v**2 + 12*v + 35. What is o(-6)?
-217
Let r(f) = -12*f**3 - 12*f**2 + 44*f + 45. Determine r(-2).
5
Let x(m) = 14*m**2 + 564*m + 5028. Calculate x(-27).
6
Let f(y) = -357059*y - 2142348. Determine f(-6).
6
Let p(k) = -41*k**2 - 4*k + 343. Determine p(6).
-1157
Let b(f) = 4389*f - 100857. Determine b(23).
90
Let x(c) = c**3 + 350*c**2 - 24595*c + 2044. Calculate x(-410).
-6
Let n(y) = 106*y + 4964. Determine n(-58).
-1184
Let v(z) = 5878*z + 1496. Calculate v(0).
1496
Let o(v) = 2318*v - 21079. What is o(9)?
-217
Let a(i) = 21*i**2 + 1875*i + 7522. Calculate a(-85).
-128
Let t(c) = -c**3 - 13*c**2 + 724*c + 12866. Give t(-18).
1454
Let b(f) = -7679*f - 1512744. Determine b(-197).
19
Let c(w) = w**3 - 69*w**2 - 977*w + 404. What is c(81)?
-1
Let j(k) = -4031*k - 64724. Determine j(-16).
-228
Let s(y) = -y**3 - 237*y**2 - 528*y - 13638. Give s(-235).
-8
Let n(p) = 123*p + 11696. Give n(-91).
503
Let h(y) = 6*y**2 - 7658*y + 187696. Give h(25).
-4
Let h(j) = -44387*j - 1154091. Give h(-26).
-29
Let q(m) = -4*m**3 + 26*m**2 + 116*m - 802. Give q(8).
-258
Let s(i) = 4062*i + 1112972. Determine s(-274).
-16
Let y(n) = 2425*n + 657177. Calculate y(-271).
2
Let p(l) = 26*l**3 - 95*l**2 + 249*l - 1151. Determine p(4).
-11
Let v(y) = -163*y**2 - 17440*y + 348. What is v(-107)?
241
Let j(t) = -23*t - 7574. Calculate j(-332).
62
Let r(q) = q**2 + 86*q - 43. What is r(18)?
1829
Let p(i) = 74*i + 11006. Give p(-130).
1386
Let y(r) = 358*r - 32824. What is y(92)?
112
Let z(h) = h**3 - 9*h**2 - 106*h - 58. Calculate z(16).
38
Let f(x) = 3*x**2 - 74*x - 3594. Calculate f(49).
-17
Let k(y) = 6177*y + 49410. Calculate k(-8).
-6
Let f(x) = 491*x**2 + 23564*x - 177. Determine f(-48).
15
Let h(r) = -5*r**2 - 655*r + 7002. Give h(10).
-48
Let m(z) = -5*z**2 - 1719*z + 22135. Calculate m(13).
-1057
Let a(t) = -1718*t**2 + 6840*t + 6841. What is a(-1)?
-1717
Let d(g) = 1739*g - 12392. Give d(7).
-219
Let j(s) = 31*s**2 + 1327*s - 1593. Calculate j(-44).
35
Let n(t) = -42544*t - 85091. Determine n(-2).
-3
Let r(t) = -2*t**3 + 56*t**2 + 475*t + 70. Determine r(34).
2348
Let u(w) = -w**2 + 172*w + 851. Determine u(-5).
-34
Let f(u) = 3*u**2 + 591*u - 3268. Determine f(5).
-238
Let h(s) = -2*s**3 + 303*s**2 - 148*s - 2568. What is h(151)?
-2115
Let w(m) = -2*m**2 - 26*m + 3095. Determine w(27).
935
Let a(p) = -622*p + 27343. Determine a(45).
-647
Let u(f) = -516*f + 23. Give u(0).
23
Let v(k) = 6*k**3 + 2311*k**2 + 382*k - 1348. Calculate v(-385).
-193
Let r(j) = 2*j**3 + 48*j**2 + 111*j - 2323. What is r(-16)?
-3
Let u(d) = -6*d**2 + 67*d + 224. What is u(16)?
-240
Let k(q) = 219*q + 56245. Calculate k(-251).
1276
Let a(p) = -p**3 + 98*p**2 - 190*p - 437. Give a(96).
-245
Let y(k) = -16*k**3 - 9*k**2 + 243*k + 728. Give y(-3).
350
Let z(k) = -9787*k - 48938. What is z(-5)?
-3
Let a(i) = i**2 + 128*i + 3805. Determine a(-99).
934
Let s(r) = 38595*r - 617544. Calculate s(16).
-24
Let c(h) = 4*h**3 + 310*h**2 - 10762*h + 1. Determine c(26).
53
Let g(t) = 25*t**2 - 3550*t + 7112. Determine g(2).
112
Let x(o) = -8*o**3 - o**2 - 22*o - 69. What is x(-3)?
204
Let l(d) = -111*d**3 - 316*d**2 + 9*d + 78. What is l(-3)?
204
Let l(r) = -r**3 - 46*r**2 + 8*r - 1904. What is l(-47)?
-71
Let k(g) = g**2 + 45*g - 1019. Determine k(21).
367
Let c(p) = -2*p**3 + 104*p**2 - 305*p + 16081. Determine c(52).
221
Let x(k) = -4*k**3 - 148*k**2 - 1055*k + 284. Calculate x(-10).
34
Let b(i) = -3*i**2 - 358*i - 1468. Determine b(-116).
-308
Let b(j) = -j**3 + 35*j**2 - 77*j - 1048. Give b(32).
-440
Let p(s) = 12*s**2 + 975*s + 23795. Determine p(-25).
6920
Let p(v) = v**3 + 69*v**2 - 716*v - 22879. Calculate p(-15).
11
Let w(k) = -47*k - 1587. What is w(-6)?
-1305
Let d(l) = 369*l**2 + 4987*l + 4986. What is d(-1)?
368
Let t(g) = 2*g**2 - 52*g + 166. Calculate t(34).
710
Let r(t) = 113209*t - 5094404. Give r(45).
1
Let v(o) = -o**3 - 254*o**2 - 248*o + 1100. Calculate v(-253).
-165
Let g(x) = -428*x - 1433. Give g(0).
-1433
Let n(z) = -z**2 - 21230*z - 5. Give n(0).
-5
Let v(d) = -1608*d - 5312. Calculate v(-4).
1120
Let a(i) = 268*i + 6605. Calculate a(-26).
-363
Let j(a) = -21*a**2 - 1743*a + 3558. Give j(2).
-12
Let u(r) = -2*r**2 + 3*r - 277. Calculate u(-16).
-837
Let k(a) = a**3 + 15*a**2 - 322*a - 5528. Give k(-16).
-632
Let y(p) = 592*p - 5423. Determine y(10).
497
Let y(l) = 23*l**2 - 19411*l - 19410. Determine y(-1).
24
Let t(d) = 107612*d + 3228262. Give t(-30).
-98
Let l(g) = 49564*g + 4510315. What is l(-91)?
-9
Let v(p) = -4*p**2 - 584*p - 18522. What is v(-51)?
858
Let c(m) = m**3 + 224*m**2 + 874*m - 1819. What is c(-220)?
-499
Let d(g) = -2*g**3 - 87*g**2 - 113*g + 322. Calculate d(-42).
-224
Let f(x) = 2*x**3 + 316*x**2 - 3880*x + 20. Determine f(11).
-1762
Let q(v) = -27875*v - 250885. Give q(-9).
-10
Let i(w) = w**3 - 244*w**2 + 268*w - 6073. Calculate i(243).
2
Let s(y) = y**3 + 147*y**2 + 2418*y - 280. Give s(-19).
-14
Let c(h) = 2*h**3 - 80*h**2 + 268*h + 2833. Give c(35).
-37
Let n(m) = -488*m - 36584. Determine n(-75).
16
Let l(c) = 2251*c + 20497. Determine l(-9).
238
Let o(x) = 299*x**2 + 138*x - 135. Calculate o(1).
302
Let f(w) = -388*w - 2709. What is f(-4)?
-1157
Let y(z) = z**3 + 166*z**2 + 625*z - 29. Give y(-4).
63
Let v(w) = -2*w**3 - 33*w**2 + 5229*w + 473. Calculate v(-60).
-67
Let s(n) = -n**2 - 171*n - 1872. Determine s(-12).
36
Let q(y) = 51425*y - 308533. Determine q(6).
17
Let f(v) = 49*v + 6465. What is f(-127)?
242
Let p(q) = -403*q**2 - 41*q + 40. Give p(1).
-404
Let i(s) = -s**3 + 29*s**2 + 3095*s + 82. What is i(72)?
10
Let r(q) = -91*q**3 - 18836*q**2 + 193*q - 2928. What is r(-207)?
-30
Let z(s) = 2*s**2 + 72*s - 1942. Determine z(-52).
-278
Let b(z) = 311*z - 5054. Give b(19).
855
Let o(d) = -2*d**3 + 65*d**2 - 337*d - 1758. What is o(24)?
-54
Let m(h) = -h**2 + 2653*h - 81169. Determine m(31).
113
Let q(s) = 3918*s**2 + 58769*s - 15. Give q(-15).
0
Let f(k) = k**3 + 4*k**2 - 156*k + 873. What is f(6)?
297
Let a(f) = 3*f**3 - 699*